be z(3). What is the greatest common divisor of i and 27?
27
Let d = -4 - -4. Suppose -10 = -3*p - 4*u, d = 5*p + 2*u + 2*u - 30. Calculate the greatest common divisor of 110 and p.
10
Suppose 3*g = 19 + 14. Calculate the highest common factor of 33 and g.
11
Let w = 1 + -13. Let q(h) = h**2 + 11*h - 9. Let p be q(w). Suppose -5*u + p*n = 2, -5*n + 22 = 2. Calculate the greatest common factor of u and 2.
2
Let y = -2 - -11. Calculate the highest common divisor of 9 and y.
9
Suppose 4*y = -4*t + 8, 2*y + 3 = 5*t - 7. Let i = 6 - t. Calculate the greatest common factor of i and 2.
2
Suppose 0 = -5*q + 707 - 212. Let w(h) = 3*h**2 - 11*h + 5. Let j be w(4). Calculate the highest common divisor of j and q.
9
Let f(z) = -z**3 + 4*z**2 + 3*z + 3. Let p be f(-4). Let h(i) = -i**2 - 15*i + 171. Let o be h(-22). What is the greatest common divisor of p and o?
17
Let z(c) = 2*c**3 + c**2 - 2. Suppose d = -d - 4. Let u be z(d). Let l = 26 + u. Calculate the greatest common factor of 18 and l.
6
Let z = -7 - -10. What is the greatest common divisor of 3 and z?
3
Let y(p) = p**2 + 5*p - 9. Let z be y(-8). Calculate the greatest common factor of 90 and z.
15
Let l be 2/(-1)*-50*(-15)/(-20). Let j be (1 - -2)/((-2)/(-10)). Calculate the highest common divisor of l and j.
15
Let i(q) = -20*q. Let t be i(-1). What is the greatest common divisor of t and 220?
20
Let r(m) = m - 1. Let c be r(6). Let h = 12 - 8. Let p be (0 + 2)*h*c. What is the greatest common factor of p and 16?
8
Suppose -55 = -2*r + 9. Suppose 5*h + 12 = -v, 0*v + 5*h + 18 = v. Let l be (-10)/v*(-12)/5. What is the highest common factor of r and l?
8
Let v = -6 + 17. Suppose -2*x = 3*y - 5*y - 14, -x - 3*y = -v. Calculate the greatest common factor of 4 and x.
4
Suppose -2*r = -5*n - 5*r - 10, -3*n - 7 = 2*r. Let x(w) = w**2 - w**2 + 2*w**2 - 3*w + w**3 + 2. Let m be x(-3). What is the greatest common factor of m and n?
1
Let h(d) = d**3 + 19*d**2 - 5*d - 40. Let j be h(-19). Calculate the highest common factor of 22 and j.
11
Suppose 0 = 5*r - 2*r - 24. Let f be 290/r + (-2)/8. Calculate the greatest common divisor of 24 and f.
12
Let z = 0 - 1. Let j be -4 - z*(-6)/(-3). Let r be (-6)/(-8) + j/(-8). Calculate the highest common factor of r and 3.
1
Suppose -2*o = -v + 5, 5*v = -o - 3*o + 53. What is the greatest common divisor of v and 99?
9
Let t be (1/(-2))/((-3)/30). Suppose -3 = -t*m + 2. What is the greatest common factor of m and 3?
1
Suppose -6 = -2*b, s + 0*b + 8 = 3*b. Let j = s + -7. Let y be ((-18)/(-5))/(j/(-15)). What is the greatest common factor of y and 9?
9
Let y be -3*(1 + (-10)/6). Let r(l) = -2*l**2 + 4 - 3*l + 0*l**y + l**2. Let p be r(-3). Calculate the greatest common divisor of 12 and p.
4
Let h be 32*(-1 + 3/12). Let m = h - -52. Calculate the highest common factor of m and 28.
28
Suppose 5*a = -0*a + 5. Calculate the greatest common factor of a and 5.
1
Suppose 2*o + o + 3*c - 84 = 0, 4*c - 48 = -2*o. Calculate the greatest common factor of 128 and o.
32
Let y = -26 + 70. Let d be 4/14 + (-52)/(-14). Calculate the greatest common factor of y and d.
4
Let h(g) = -g**2 + 18*g - 63. Let s be h(9). Calculate the highest common divisor of s and 72.
18
Suppose -35 - 35 = -5*i. Let y(j) = -j**3 - 4*j**2 + 5*j + 5. Let r be y(-5). Suppose 3*b + 252 = r*b. Calculate the highest common factor of i and b.
14
Let o be 20/(-6)*18/(-5). What is the greatest common divisor of 24 and o?
12
Suppose -3*q - 1 = -l - 18, q = -3*l + 9. Suppose -10 - q = 3*y - 5*c, -4*y + 2 = -2*c. Calculate the highest common factor of 12 and y.
3
Let s be (-14)/(-21) + 4/(-6). Let c(j) = j + 6. Let u be c(s). Calculate the greatest common divisor of 66 and u.
6
Let x be (2/2)/((-7)/(-42)). Let z(o) be the first derivative of 6*o**2 - 8*o - 1. Let r be z(x). What is the highest common factor of r and 8?
8
Suppose 3 = 2*o - 1, s + 3*o - 16 = 0. Let k = 1 + -3. Let v be k/(-4)*-2*-110. What is the highest common factor of v and s?
10
Let w(c) = c**2 + 4*c + 7. Let q be w(-5). Suppose 0 = -2*m + 4*m - 3*k - 132, -4*k - 76 = -m. What is the highest common factor of m and q?
12
Let j = -18 - -62. Suppose -4*t + 3 = -a - 1, 4*a - 5*t - 6 = 0. What is the greatest common divisor of a and j?
4
Suppose 2*l = 2*u + 124, -2*u + 4*l = -6*u - 248. Let y = -30 - u. Calculate the greatest common divisor of y and 4.
4
Suppose 3*b + w + 2*w = 21, 0 = -4*w + 20. Let l be -30*b*4/(-8). Calculate the highest common divisor of l and 150.
30
Let w = -20 + 72. What is the greatest common divisor of 130 and w?
26
Let v be 1 + (-3)/(-1) + 1. Calculate the highest common factor of v and 10.
5
Let z = -2 + 35. What is the greatest common divisor of z and 11?
11
Suppose -3*v = -0*v - 2*c - 156, 4*c + 62 = v. What is the highest common divisor of 400 and v?
50
Let v(w) = -2*w - 2. Let z be v(7). Let f = 38 - z. What is the highest common divisor of 9 and f?
9
Let w be (-3)/5 - 9/(-15). Suppose -c + 9 = -w*c. Suppose -2*d = 3*d - 495. What is the greatest common factor of d and c?
9
Let l be 0 - -1 - (2 + 38). Let n = -27 - l. Calculate the greatest common factor of 12 and n.
12
Let z = -1 - -3. Suppose 0 = z*r - 3*r - 5*w - 1, -r = -3*w - 15. Let t be (-4)/(-14)*(-2 + r). Calculate the greatest common divisor of 10 and t.
2
Suppose -2*v = -37 - 3. Calculate the highest common divisor of v and 20.
20
Let b be (-69)/(-2)*2/3. Let d = 235 - 125. Suppose 4*o - p - d = 257, -5*o - 5*p = -465. Calculate the greatest common divisor of o and b.
23
Let u be ((-2)/(-5))/(((-22)/(-80))/11). Calculate the greatest common factor of u and 4.
4
Let o(z) = z**2 + 9*z + 9. Let x be o(-10). Suppose -4*k + 4*b = -288, -4*b = -14 - 2. Calculate the greatest common divisor of k and x.
19
Let a = 22 - 13. Let d(b) = -6*b + 4. Let o be d(4). Let g be -1 - (o + (-1)/(-1)). Calculate the highest common divisor of a and g.
9
Let z(m) = 5*m - 22. Let q be z(6). Let c be ((-6)/(-4))/(1/8). What is the highest common factor of c and q?
4
Let c(i) = i**2 - 4*i + 9. Let n be c(2). Let t be (-1)/4 + (-5)/(-4). Let w be t/2 + 69/2. Calculate the greatest common factor of n and w.
5
Suppose -3*f + 5*u = -12, -2*f - u + 7 + 1 = 0. Let h be 38/f - 1/2. Calculate the greatest common divisor of h and 1.
1
Suppose 0 = 3*m - 0*m - 324. What is the highest common factor of m and 12?
12
Let y = -46 - -56. Let v(z) = -17*z - 5. Let u be v(-5). What is the highest common factor of y and u?
10
Let n(k) = -k - 2. Let i be n(-6). Suppose u + i*u = 255. What is the greatest common factor of u and 34?
17
Let g = -2 + -1. Let b(o) = -o**3 + 2*o**2 + o + 3. Let r be b(g). What is the highest common divisor of r and 15?
15
Let a be (-6)/(((-4)/(-2))/(-4)). Let f = -119 + 143. What is the highest common divisor of f and a?
12
Let q = 166 - 54. Calculate the highest common divisor of 28 and q.
28
Suppose 2*l + 4 = 5*b, 0*b = -2*b - l - 2. Suppose 0 = o - 2*w - 2*w - 52, b = 5*w + 15. What is the greatest common factor of o and 16?
8
Let s(f) = -f**2 - 9*f. Let z be ((-20)/(-15))/(2/(-6)). Let o be s(z). Suppose 2*d - o = -2*d. Calculate the greatest common divisor of d and 40.
5
Let y(a) = 4*a - 3*a - 6 + 7*a - 5*a. Let r be y(6). Suppose -2*q + 3*b + b + 112 = 0, -5*q + b + 244 = 0. What is the highest common divisor of r and q?
12
Let j = -64 + 36. Let b be 7/(j/(-64)) + -2. Calculate the greatest common factor of 21 and b.
7
Suppose 0 = -3*q + q + 10. Suppose -q*c = -6*c + 10. Let p be (16/10)/(4/c). What is the greatest common divisor of p and 36?
4
Let v(a) = -a - 3. Let i be v(-8). Calculate the highest common factor of i and 35.
5
Let r = -31 - -86. What is the greatest common divisor of r and 5?
5
Let g = -6 + 4. Let h(z) = -17*z + 2. Let f be h(g). Let i = f - 26. What is the highest common factor of 10 and i?
10
Let r(l) = -l - 1. Let u be r(-3). Calculate the greatest common factor of 16 and u.
2
Let f be (3 - 21)/(0 - 1). Let s be 36*(-2)/((-32)/20). What is the greatest common divisor of f and s?
9
Let z = -20 - -80. Calculate the greatest common divisor of 150 and z.
30
Let h(d) = 2*d**2 + d + 1. Let m be h(-1). Suppose 5*x - 69 = -g, -g = -0*g + 1. What is the greatest common factor of m and x?
2
Let z = 18 + -3. Suppose 13 = o - z. What is the highest common divi